ate the remainder when 118204 is divided by 61.
47
Calculate the remainder when 326 is divided by 53.
8
What is the remainder when 6187486 is divided by 7?
4
Calculate the remainder when 18236 is divided by 3039.
2
Calculate the remainder when 289955 is divided by 9353.
12
Calculate the remainder when 10912 is divided by 123.
88
Calculate the remainder when 30916 is divided by 793.
782
Calculate the remainder when 172209 is divided by 53.
12
What is the remainder when 116907 is divided by 1125?
1032
Calculate the remainder when 27023 is divided by 36.
23
What is the remainder when 573 is divided by 66?
45
What is the remainder when 186550 is divided by 91?
0
Calculate the remainder when 475962 is divided by 103.
102
What is the remainder when 109438 is divided by 6437?
9
Calculate the remainder when 3001606 is divided by 564.
562
What is the remainder when 423505 is divided by 17?
1
Calculate the remainder when 100540 is divided by 39.
37
What is the remainder when 292772 is divided by 239?
236
What is the remainder when 11692 is divided by 334?
2
Calculate the remainder when 108756 is divided by 61.
54
Calculate the remainder when 51153 is divided by 882.
879
What is the remainder when 10960 is divided by 289?
267
Calculate the remainder when 13669 is divided by 3411.
25
What is the remainder when 11582 is divided by 2895?
2
Calculate the remainder when 8097 is divided by 2599.
300
What is the remainder when 1047 is divided by 145?
32
What is the remainder when 1578 is divided by 718?
142
What is the remainder when 28769 is divided by 7182?
41
Calculate the remainder when 73425 is divided by 152.
9
What is the remainder when 826 is divided by 208?
202
What is the remainder when 44709 is divided by 698?
37
What is the remainder when 22644 is divided by 202?
20
Calculate the remainder when 28151 is divided by 136.
135
What is the remainder when 7751807 is divided by 128?
127
Calculate the remainder when 1478884 is divided by 3.
1
What is the remainder when 17884 is divided by 850?
34
Calculate the remainder when 5411 is divided by 990.
461
What is the remainder when 16678 is divided by 2280?
718
Calculate the remainder when 278146 is divided by 192.
130
What is the remainder when 5039 is divided by 898?
549
Calculate the remainder when 22497 is divided by 71.
61
Calculate the remainder when 50238 is divided by 90.
18
What is the remainder when 10194 is divided by 17?
11
Calculate the remainder when 55425 is divided by 18458.
51
What is the remainder when 51824 is divided by 2726?
30
What is the remainder when 42825 is divided by 83?
80
Calculate the remainder when 153546 is divided by 233.
232
What is the remainder when 2028 is divided by 34?
22
Calculate the remainder when 1733 is divided by 354.
317
What is the remainder when 13677 is divided by 806?
781
What is the remainder when 13311 is divided by 17?
0
What is the remainder when 82696 is divided by 33?
31
Calculate the remainder when 137330 is divided by 6242.
6
Calculate the remainder when 22723 is divided by 11307.
109
Calculate the remainder when 2767 is divided by 185.
177
Calculate the remainder when 29493 is divided by 9799.
96
What is the remainder when 18453 is divided by 28?
1
Calculate the remainder when 3471 is divided by 119.
20
What is the remainder when 22297 is divided by 5555?
77
What is the remainder when 742 is divided by 606?
136
What is the remainder when 206365 is divided by 651?
649
What is the remainder when 213598 is divided by 359?
352
What is the remainder when 16084 is divided by 22?
2
Calculate the remainder when 9965 is divided by 511.
256
What is the remainder when 8701 is divided by 34?
31
Calculate the remainder when 78421 is divided by 747.
733
Calculate the remainder when 5171 is divided by 185.
176
Calculate the remainder when 19562 is divided by 146.
144
Calculate the remainder when 1605 is divided by 1428.
177
Calculate the remainder when 403593 is divided by 86.
81
What is the remainder when 37120 is divided by 80?
0
Calculate the remainder when 62346 is divided by 5.
1
What is the remainder when 6312 is divided by 154?
152
What is the remainder when 4714 is divided by 335?
24
Calculate the remainder when 8902 is divided by 1770.
52
Calculate the remainder when 723 is divided by 697.
26
Calculate the remainder when 30056 is divided by 791.
789
Calculate the remainder when 9781 is divided by 405.
61
Calculate the remainder when 80562 is divided by 1261.
1119
What is the remainder when 1389 is divided by 23?
9
What is the remainder when 93317 is divided by 9?
5
Calculate the remainder when 188041 is divided by 832.
9
Calculate the remainder when 17858 is divided by 53.
50
What is the remainder when 25344 is divided by 1055?
24
Calculate the remainder when 1184 is divided by 1132.
52
What is the remainder when 309847 is divided by 56?
55
Calculate the remainder when 5564 is divided by 265.
264
What is the remainder when 56565 is divided by 1415?
1380
What is the remainder when 1999 is divided by 953?
93
What is the remainder when 16672 is divided by 4153?
60
What is the remainder when 5303 is divided by 284?
191
What is the remainder when 5018 is divided by 359?
351
Calculate the remainder when 34043 is divided by 16.
11
What is the remainder when 15229 is divided by 2170?
39
What is the remainder when 3130 is divided by 606?
100
Calculate the remainder when 6878 is divided by 161.
116
What is the remainder when 64671 is divided by 163?
123
Calculate the remainder when 12141 is divided by 143.
129
Calculate the remainder when 2861 is divided by 315.
26
What is the remainder when 846540 is divided by 597?
591
Calculate the remainder when 1097 is divided by 44.
41
What is the remainder when 1534999 is divided by 40?
39
Calculate the remainder when 85458 is divided by 629.
543
What is the remainder when 4653 is divided by 1528?
69
What is the remainder when 8152 is divided by 54?
52
What is the remainder when 19972 is divided by 1254?
1162
What is the remainder when 1203 is divided by 38?
25
Calculate the remainder when 20435 is divided by 47.
37
What is the remainder when 4646 is divided by 1485?
191
Calculate the remainder when 226048 is divided by 56512.
0
What is the remainder when 40412 is divided by 167?
165
What is the remainder when 1562 is divided by 180?
122
What is the remainder when 4836 is divided by 233?
176
What is the remainder when 10917 is divided by 2688?
165
What is the remainder when 2837 is divided by 931?
44
Calculate the remainder when 3312 is divided by 85.
82
What is the remainder when 1001164 is divided by 109?
108
What is the remainder when 1539 is divided by 28?
27
What is the remainder when 11868 is divided by 5910?
48
Calculate the remainder when 3024 is divided by 1611.
1413
Calculate the remainder when 1840 is divided by 859.
122
What is the remainder when 9622 is divided by 1921?
17
Calculate the remainder when 1846 is divided by 1823.
23
Calculate the remainder when 19519 is divided by 2782.
45
What is the remainder when 5312 is divided by 380?
372
Calculate the remainder when 4723 is divided by 27.
25
Calculate the remainder when 4255 is divided by 329.
307
Calculate the remainder when 34311 is divided by 52.
43
Calculate the remainder when 10608 is divided by 3522.
42
Calculate the remainder when 17300 is divided by 37.
21
Calculate the remainder when 279733 is divided by 12161.
30
Calculate the remainder when 1725 is divided by 450.
375
Calculate the remainder when 1734 is divided by 10.
4
Calculate the remainder when 104537 is divided by 167.
162
Calculate the remainder when 199711 is divided by 20.
11
Calculate the remainder when 395 is divided by 132.
131
Calculate the remainder when 18195 is divided by 1149.
960
Calculate the remainder when 1136 is divided by 227.
1
Calculate the remainder when 54091 is divided by 42.
37
What is the remainder when 51727 is divided by 7386?
25
What is the remainder when 33196 is divided by 1445?
1406
Calculate the remainder when 14103 is divided by 165.
78
Calculate the remainder when 84792 is divided by 370.
62
Calculate the remainder when 6689 is divided by 2227.
8
Calculate the remainder when 18037 is divided by 4501.
33
Calculate the remainder when 197432 is divided by 160.
